when 88 is divided by 19.
12
What is the remainder when 791 is divided by 9?
8
What is the remainder when 4675 is divided by 2331?
13
Calculate the remainder when 92 is divided by 20.
12
What is the remainder when 94 is divided by 54?
40
Calculate the remainder when 12 is divided by 2.
0
What is the remainder when 647 is divided by 59?
57
Calculate the remainder when 4234 is divided by 80.
74
Calculate the remainder when 245 is divided by 31.
28
What is the remainder when 653 is divided by 93?
2
What is the remainder when 10823 is divided by 11?
10
What is the remainder when 657 is divided by 11?
8
Calculate the remainder when 984 is divided by 71.
61
Calculate the remainder when 13314 is divided by 30.
24
Calculate the remainder when 566 is divided by 183.
17
Calculate the remainder when 122 is divided by 18.
14
Calculate the remainder when 8089 is divided by 81.
70
Calculate the remainder when 143 is divided by 25.
18
What is the remainder when 4976 is divided by 332?
328
What is the remainder when 2072 is divided by 61?
59
Calculate the remainder when 152 is divided by 126.
26
Calculate the remainder when 11709 is divided by 24.
21
Calculate the remainder when 87 is divided by 32.
23
What is the remainder when 1442 is divided by 17?
14
Calculate the remainder when 48 is divided by 38.
10
What is the remainder when 739 is divided by 47?
34
What is the remainder when 905 is divided by 4?
1
What is the remainder when 8644 is divided by 65?
64
Calculate the remainder when 711 is divided by 65.
61
What is the remainder when 137 is divided by 26?
7
What is the remainder when 165 is divided by 29?
20
What is the remainder when 36 is divided by 31?
5
Calculate the remainder when 285 is divided by 7.
5
Calculate the remainder when 1756 is divided by 580.
16
What is the remainder when 139 is divided by 14?
13
Calculate the remainder when 72 is divided by 31.
10
Calculate the remainder when 34933 is divided by 44.
41
What is the remainder when 74 is divided by 63?
11
Calculate the remainder when 1641 is divided by 47.
43
Calculate the remainder when 11479 is divided by 58.
53
Calculate the remainder when 784 is divided by 247.
43
Calculate the remainder when 2249 is divided by 10.
9
Calculate the remainder when 1480 is divided by 491.
7
Calculate the remainder when 501 is divided by 36.
33
What is the remainder when 2682 is divided by 22?
20
Calculate the remainder when 59 is divided by 12.
11
Calculate the remainder when 433 is divided by 1.
0
Calculate the remainder when 988 is divided by 32.
28
What is the remainder when 796 is divided by 80?
76
What is the remainder when 645 is divided by 81?
78
Calculate the remainder when 144 is divided by 32.
16
Calculate the remainder when 8872 is divided by 14.
10
What is the remainder when 138 is divided by 32?
10
Calculate the remainder when 91 is divided by 29.
4
What is the remainder when 604 is divided by 32?
28
What is the remainder when 189 is divided by 15?
9
What is the remainder when 710 is divided by 54?
8
What is the remainder when 563 is divided by 12?
11
Calculate the remainder when 807 is divided by 232.
111
Calculate the remainder when 890 is divided by 10.
0
Calculate the remainder when 628 is divided by 15.
13
What is the remainder when 9268 is divided by 244?
240
Calculate the remainder when 424 is divided by 97.
36
Calculate the remainder when 2920 is divided by 23.
22
Calculate the remainder when 313 is divided by 11.
5
Calculate the remainder when 995 is divided by 203.
183
What is the remainder when 773 is divided by 43?
42
Calculate the remainder when 2493 is divided by 1235.
23
Calculate the remainder when 2763 is divided by 42.
33
What is the remainder when 741 is divided by 106?
105
Calculate the remainder when 139 is divided by 36.
31
Calculate the remainder when 1362 is divided by 35.
32
What is the remainder when 65 is divided by 33?
32
What is the remainder when 459 is divided by 26?
17
Calculate the remainder when 120 is divided by 40.
0
Calculate the remainder when 2625 is divided by 146.
143
What is the remainder when 1331 is divided by 123?
101
What is the remainder when 1015 is divided by 495?
25
What is the remainder when 1204 is divided by 265?
144
What is the remainder when 109 is divided by 16?
13
What is the remainder when 2213 is divided by 50?
13
Calculate the remainder when 279 is divided by 29.
18
What is the remainder when 349 is divided by 44?
41
What is the remainder when 780 is divided by 16?
12
What is the remainder when 110 is divided by 35?
5
What is the remainder when 190 is divided by 70?
50
Calculate the remainder when 795 is divided by 17.
13
Calculate the remainder when 389 is divided by 44.
37
What is the remainder when 1137 is divided by 12?
9
Calculate the remainder when 10241 is divided by 18.
17
What is the remainder when 29674 is divided by 59?
56
Calculate the remainder when 2166 is divided by 53.
46
Calculate the remainder when 1253 is divided by 337.
242
Calculate the remainder when 250 is divided by 42.
40
Calculate the remainder when 211 is divided by 76.
59
What is the remainder when 306 is divided by 64?
50
Calculate the remainder when 113 is divided by 29.
26
What is the remainder when 2603 is divided by 84?
83
What is the remainder when 477 is divided by 42?
15
What is the remainder when 273 is divided by 36?
21
Calculate the remainder when 437 is divided by 47.
14
Calculate the remainder when 80261 is divided by 316.
313
What is the remainder when 144 is divided by 67?
10
Calculate the remainder when 113 is divided by 58.
55
Calculate the remainder when 470 is divided by 91.
15
Calculate the remainder when 7 is divided by 5.
2
What is the remainder when 44 is divided by 8?
4
Calculate the remainder when 48 is divided by 48.
0
What is the remainder when 146 is divided by 85?
61
Calculate the remainder when 1304 is divided by 19.
12
What is the remainder when 263 is divided by 13?
3
Calculate the remainder when 43 is divided by 39.
4
Calculate the remainder when 271 is divided by 93.
85
What is the remainder when 207 is divided by 64?
15
What is the remainder when 109 is divided by 17?
7
What is the remainder when 169 is divided by 50?
19
Calculate the remainder when 763 is divided by 14.
7
What is the remainder when 187 is divided by 24?
19
What is the remainder when 285 is divided by 253?
32
What is the remainder when 84 is divided by 56?
28
Calculate the remainder when 1971 is divided by 86.
79
What is the remainder when 3178 is divided by 134?
96
What is the remainder when 395 is divided by 64?
11
What is the remainder when 105 is divided by 24?
9
Calculate the remainder when 9626 is divided by 42.
8
Calculate the remainder when 5514 is divided by 23.
17
Calculate the remainder when 747 is divided by 47.
42
What is the remainder when 1918 is divided by 64?
62
What is the remainder when 1019 is divided by 73?
70
Calculate the remainder when 1572 is divided by 45.
42
What is the remainder when 2931 is divided by 196?
187
Calculate the remainder when 96 is divided by 19.
1
Calculate the remainder when 189 is divided by 19.
18
What is the remainder when 898 is divided by 29?
28
What is the remainder when 2311 is divided by 40?
31
What is the remainder when 128 is divided by 35?
23
What is the remainder when 391 is divided by 132?
127
What is the remainder when 93 is divided by 79?
14
What is the remainder when 718 is divided by 91?
81
What is the remainder when 673 is divided by 13?
10
What is the remainder when 610 is divided by 18?
16
Calculate the remainder when 327 is divided by 67.
59
What is the remainder when 128 is divided by 13?
11
What is the remainder when 2476 is divided by 14?
12
What is the remainder when 13185 is divided by 7?
4
Calculate the remainder when 21338 is divided by 44.
42
Calculate the remainder when 698 is divided by 28.
26
Calculate the remainder when 1658 is divided by 412.
10
Calculate the remainder when 1422 is divided by 133.
92
What is the remainder when 186 is divided by 29?
12
Calculate the remainder when 272 is divided by 7.
6
Calculate the remainder when 1220 is divided by 58.
2
Calculate the remainder when 499 is divided by 154.
37
What is the remainder when 1497 is divided by 107?
106
What is th